 4*n - 2*p = 96. Let w = n - -18. What is the highest common factor of 11 and w?
11
Let n(v) = v**3 - 4*v**2 + 5*v - 2. Let s be n(3). Suppose 10 = c - 3*y, -5*c - s*y + y = -68. What is the highest common factor of c and 65?
13
Let j(c) = 41*c + 583. Let i be j(-13). What is the greatest common divisor of i and 625?
25
Suppose -5*g = -6*v + 3*v - 138, v - 80 = -3*g. Calculate the highest common divisor of 6 and g.
3
Suppose 0 = 5*i - 23 - 2, 4*b - 29 = -5*i. Let h be (-2 - -3)/(b/30). What is the highest common factor of 150 and h?
30
Let o = -879 + 899. What is the highest common divisor of 500 and o?
20
Let r(a) = a + 34. Let w = -125 + 147. Let f be r(w). Calculate the greatest common divisor of 42 and f.
14
Suppose -6*p - h + 16 = -p, 3*p - 3*h - 24 = 0. Suppose 0*w - 3*w = -30. What is the highest common divisor of p and w?
2
Let r(u) = 13*u - 33. Let m be r(3). Let b be 5820/66 + m/(-33). Let o = -13 + 24. What is the highest common divisor of o and b?
11
Let z = 7 - 1. Let f = -32 - -18. Let t = -12 - f. What is the greatest common divisor of z and t?
2
Suppose 71*s - 65*s - 864 = 0. Suppose -c = -3 - 1. Suppose l = c*l - s. What is the highest common factor of l and 16?
16
Let o = -857 + 859. Calculate the highest common divisor of 2 and o.
2
Let s(j) = j**3 + 10*j**2 + 4*j - 10. Let m = -31 - -22. Let x be s(m). Calculate the highest common factor of x and 14.
7
Suppose -4*h = -383 + 315. What is the highest common divisor of h and 1275?
17
Suppose 40*v = 36*v + 32. Suppose 2*n - 86 = -v. What is the greatest common divisor of 195 and n?
39
Let z(x) = -x**2 + 91*x + 2918. Let d be z(116). Suppose 5*r = 3*r + 54. Calculate the highest common factor of r and d.
9
Let u = 32 + -24. Let q be (-4 + 52/u)*12. What is the greatest common divisor of 75 and q?
15
Let p(w) = -w**2 + 19*w - 12. Let i be p(14). Let j = i - 6. Suppose -20 = -5*g, -x + 2*g = x - 252. What is the greatest common divisor of x and j?
26
Let b(z) be the second derivative of z**3 - 5*z**2 - 2*z. Suppose -14*i + 240 = 2*i. Let j be b(i). What is the greatest common divisor of 16 and j?
16
Suppose -3*j = -4*a - 14, j - 4*a = -a - 2. Let t = -42 - -26. Let u be (t/(-12))/(4/15). What is the highest common factor of j and u?
5
Suppose 51*q = -212 + 2762. What is the greatest common factor of 260 and q?
10
Let c(w) = -5*w - 3. Suppose l - 35 = 6*l - 3*h, l + 2*h = 6. Let f be l + (-5 + 3)/(-1). Let u be c(f). What is the greatest common divisor of u and 7?
7
Suppose 6*w - 2*w = 504. Suppose 3*p + 2*s = -24, -3*s - 52 + 19 = 4*p. Let o be p/(15/70*-2). Calculate the greatest common factor of w and o.
14
Suppose 0 = -4*t - 48 + 172. Suppose -v - 5*m = -0*v - 173, -3*v - 3*m = -471. Let i = v - 60. What is the greatest common factor of t and i?
31
Let c(v) = v**2 + 7*v - 24. Let o be c(-16). Calculate the highest common factor of o and 6.
6
Let g = 12 + 12. Suppose 4*q + 12 = 2*u, -5*q + 33 = 4*u - 4*q. What is the greatest common divisor of u and g?
8
Suppose 1 = -4*o + 9. Let f be 3/o*10/3. Suppose f*c = 5*r - 75, r + 25 = 2*r - 3*c. What is the highest common factor of 20 and r?
10
Suppose 3*n = -7*n + 260. Let v = 7 + n. Calculate the greatest common factor of v and 297.
33
Let c = -13 - -17. Suppose c*s - 6 = b, 2*s = 8*b - 3*b + 12. Calculate the highest common divisor of 4 and s.
1
Let w = -59 + 105. Let l = -2 + 48. What is the greatest common factor of w and l?
46
Suppose -5*q + 3*g = -g - 48, 3*q + 5*g - 51 = 0. Let w be q/18 - (-358)/3. Calculate the highest common divisor of 30 and w.
30
Let m(j) = 4*j + 50. Suppose 5*f = -9*f. Let q be m(f). What is the highest common factor of 30 and q?
10
Suppose 0 = 6*h - 93 - 3. What is the highest common divisor of 688 and h?
16
Suppose 2*z - 10 = 0, 29*z - 26*z - 5 = 2*w. Calculate the greatest common divisor of w and 15.
5
Let m = 745 - 729. What is the highest common divisor of 108 and m?
4
Suppose 27*x - 42 = 25*x. Calculate the greatest common divisor of x and 12.
3
Suppose -4*m = -5*f - 29, m = -4*m - 4*f + 26. Suppose -111 = -2*y + 5*t, 4*t = y - m*y + 294. Calculate the greatest common factor of y and 87.
29
Let z be (128/10 + -2)/(48/160). What is the greatest common factor of 186 and z?
6
Suppose -253 = -10*p - 3. What is the highest common factor of 5 and p?
5
Let h = -316 + 338. Calculate the highest common divisor of 4 and h.
2
Suppose -a + 6*a = c - 59, 3*a + 15 = 0. Let b = 187 - 127. Let d be ((-136)/(-6))/(5/b). What is the greatest common factor of c and d?
34
Suppose 23*u - 28*u + a = -675, 2*a = 2*u - 270. Calculate the highest common factor of 180 and u.
45
Suppose -56 = -4*q + m - 19, -6 = -q - 3*m. Calculate the greatest common divisor of q and 15.
3
Let b = -33 + 43. Let s(o) = 3*o**3 + 2*o**2 - 2*o + 1. Let p be s(2). Let u = -14 + p. Calculate the greatest common divisor of b and u.
5
Let n be (-71)/5 + (-108)/(-90). Suppose 0 = -l + 4*h - 7, 0*l - h + 13 = -l. Let d = n - l. Calculate the highest common divisor of 2 and d.
2
Let w(p) = 124*p + 18. Let y be w(3). Calculate the highest common divisor of y and 39.
39
Let u = -336 - -381. What is the highest common factor of 405 and u?
45
Let w be 97/7 - (-22)/154. Calculate the highest common factor of 35 and w.
7
Suppose 3*t = -4*i - 72, -t + 4 = -2*i + 28. Let d be (105/(-28))/((-2)/t). Let s be 12*-1*d/10. Calculate the greatest common factor of 6 and s.
6
Suppose -q - 133 = -82*g + 80*g, -5*q + 61 = g. Calculate the highest common factor of 6 and g.
6
Let b = -68 + 80. Suppose 2*c - 8 = c. Calculate the greatest common factor of c and b.
4
Suppose -2*t + 42 = -3*p, t - 3 = -2*p + 4. Let v = 3177 - 3117. Calculate the greatest common divisor of t and v.
15
Let z = 214 + 11. Calculate the highest common divisor of 25 and z.
25
Suppose 0 = -5*a - 332 + 557. What is the greatest common factor of a and 405?
45
Let x = 69 - 42. Suppose -2*t + 0*t = -5*n - 53, t - 3*n - x = 0. Calculate the highest common factor of 24 and t.
24
Let v(u) = u**3 - 100*u + 1. Let l be v(10). Calculate the highest common divisor of l and 13.
1
Let b be (-24)/18*3 + (-250)/(-2). Let r be (3/4)/((-2)/16). Let c be 4/r + (-70)/(-6). What is the greatest common divisor of b and c?
11
Suppose -145 = -4*d + 3*v + 318, -4*v = 4. What is the highest common factor of 69 and d?
23
Let k(s) = 14*s - 6. Suppose 0 = 4*g + 1 - 9. Let l be k(g). Let n be (-11)/l - (-14)/4. What is the highest common divisor of n and 24?
3
Suppose -t = -0*t - 1. Let n be (-1 - t)*(-5 + -20). Calculate the greatest common divisor of 10 and n.
10
Let a(j) = 5 - 4*j + 5*j - 1 + 2. Let r be (1 - -1)*(-4 + 6). Let y be a(r). What is the greatest common divisor of y and 10?
10
Let b = 17 + -7. Let t(i) = i**3 + 16*i**2 + 14*i - 15. Let n be t(-13). What is the greatest common divisor of b and n?
10
Suppose -s - 2*s = z - 91, 0 = -s + 2*z + 42. Let b be (-1)/4 - (-513)/4. What is the greatest common factor of b and s?
32
Let p be 28/(-6)*(-56 - 73). What is the greatest common divisor of p and 430?
86
Let p(v) = 16*v - 215. Let b be p(14). Calculate the greatest common factor of b and 42.
3
Let f be (6/(-4))/(-5 - 92/(-16)). Let k be -3 - f/((-4)/(-14)). What is the greatest common factor of k and 4?
4
Let t = -62 - -127. Calculate the greatest common factor of 13 and t.
13
Let z(y) = -y + 17. Let l be z(-5). Calculate the highest common factor of l and 253.
11
Suppose 48 = 2*o - 29 + 51. Suppose 3*x + 8 = -x, -3*y - 4*x = 5. What is the highest common divisor of y and o?
1
Suppose 0 = -2*v - p + 187, -4*v = -8*v + 4*p + 344. What is the greatest common factor of v and 637?
91
Let u = 32 + -29. Suppose -4*s - 172 = -5*p, -3*s = -2*s + u. What is the highest common divisor of 128 and p?
32
Let r be -1 - (1*(-9)/(-3) + -4). Suppose i + r*i = 64. What is the highest common factor of 4 and i?
4
Suppose 2*l - s = 2*s + 798, 5*l + 3*s = 2037. Calculate the highest common divisor of 30 and l.
15
Let n be 22 - ((-8)/(-4) - 6). What is the highest common divisor of n and 6?
2
Suppose 3*c + 5 = 5*o - 4*o, 5*c + 35 = -5*o. Let z be (-252)/(-6)*o/(-6). Let h be (-2)/5 - (-407)/55. Calculate the greatest common divisor of z and h.
7
Suppose -4*u - 17 = -3*g, 0 = 4*u - 3*g + 4*g + 5. Let p(a) = a**3 + 2*a**2 - a + 1. Let s 